igit of p?
7
What is the units digit of 9 + 80652/32 - 3/8?
9
Suppose i = -4*g + 1032, 112*g - i = 111*g + 263. What is the tens digit of g?
5
Let n be (4/(-7))/(-3*6/63). What is the units digit of ((-3)/6)/((-1)/n)?
1
What is the thousands digit of -6472*(-1)/(-16)*-6?
2
Let o(x) = 9*x**2 + 4*x + 9. What is the hundreds digit of o(7)?
4
Let c = -14 - -14. Suppose -w - 1 = -c*w. What is the units digit of w + -1 - (-27 - -2)?
3
Let r be ((-15)/20)/(2/(-24)). Let n(c) = c - 2. Let f be n(r). Let l = f + -3. What is the units digit of l?
4
Let l(n) = 6*n + 6*n + n - 13 - 15*n. Let k be l(8). Let v = 49 + k. What is the units digit of v?
0
Let i(d) = -18*d + 51. Let h = -46 + 31. What is the units digit of i(h)?
1
Suppose 3*h - 1102 = -3*a - 217, -4*a + 3*h = -1173. What is the units digit of a?
4
Let u(z) = -145*z**3 + 3*z**2 + z - 1. What is the tens digit of u(-1)?
4
Suppose -13 = -2*l + 2*w + 61, -132 = -3*l - 4*w. Let g = l + -22. Suppose -18*b = -21*b + g. What is the units digit of b?
6
Suppose -5*f = -7 - 3, 4*w = 3*f - 482. What is the units digit of (-5491)/w + 2/(-14)?
6
Let t(r) = -r + 16. Let q(x) = -12*x + 1. Let o be q(-1). Let f be t(o). What is the tens digit of (5 + -2)*5 + f?
1
Suppose 4*j - 2*z = 2228, z - 1967 = -3*j - 291. What is the hundreds digit of j?
5
Let x(a) = a - 6. Let c be x(11). Suppose c*f = 4*l - 72, -l - 4*l = f - 61. What is the tens digit of (-8)/(-3)*(-4 + l)?
2
Suppose j + 55 - 2017 = -2*k, 0 = j - k - 1947. What is the thousands digit of j?
1
Suppose -17*g = -19*g + 22. Suppose 81 = g*b - 95. What is the tens digit of b?
1
Let z(a) = 6*a**2 + 9*a - 6. Let o be z(-7). Suppose -5*w - 1175 = -5*q, 3*w + o = -0*q + q. Suppose q = 10*y - 5*y. What is the units digit of y?
8
Let w(s) = 49*s**3 + 2. Let g(b) = 73*b**3 + 3. Let h = 9 + -2. Let m(a) = h*w(a) - 5*g(a). What is the units digit of m(-1)?
1
Let x(l) = l**3 + 7*l**2 - 11*l + 6. Let i be x(-8). Suppose -2*c = -136 - i. What is the tens digit of c?
8
Let f(d) = d**3 + 5*d**2 + 2*d - 4. Let n be f(-4). What is the tens digit of (3*(-2)/n)/(12/(-1024))?
2
Suppose -2*n + 7 = 4*w - 3, -n + 26 = -5*w. Suppose n*f - 10*f = 3. What is the units digit of f?
3
Suppose 848*c + 51300 = 858*c. What is the units digit of c?
0
Suppose 0 = c, -u + 19 = -5*c - 4. Suppose 0 = -26*q + u*q + 285. What is the units digit of q?
5
Suppose 9*a = 6*a + 7344. What is the thousands digit of a?
2
Let o = 3331 - 564. What is the hundreds digit of o?
7
Suppose 5*g + 12 = g. Let r be 6/g - 2*2. Let t = r - -14. What is the units digit of t?
8
Suppose -32 = -5*r + 3*d - 0*d, -2*r = 2*d. Suppose -3*b + 539 = -r*q, b = -2*b + 3*q + 537. What is the hundreds digit of b?
1
Let i = -3008 - -5910. What is the thousands digit of i?
2
Let k = 33 - 33. Suppose 5*l + 4*b - 698 = 0, 2*l - 5*l - 5*b + 424 = k. What is the units digit of l?
8
Let r = 19 - 9. Let d = -5 + r. Suppose 5*i - w = 102, -d*i + 91 = -3*w - 5. What is the tens digit of i?
2
Let c be 5/(80/564) - 3/12. Suppose c*x = 40*x - 230. What is the tens digit of x?
4
Let q(w) = -38*w**3 + w**2 + 2*w + 2. Let n = 8 + -4. Let j = 3 - n. What is the tens digit of q(j)?
3
Let u = -14 + 11. Let m be 15/(-45) - (-29)/u. What is the units digit of 16/40 - 296/m?
0
Let v(k) = 10*k + 4. Let y be v(-8). Let x = y + 142. What is the tens digit of x?
6
Suppose -14*c + 124 = -18*c. Let y = c - -95. What is the units digit of y?
4
Suppose z + 77 = -n, n = z - 69 - 2. What is the tens digit of (-2)/((-10)/15) - n?
7
Suppose 6*y - 7 = 5. Suppose 2*b + 2*q - 208 = 0, 6*q - y*q - 4 = 0. What is the tens digit of b?
0
Suppose 44*a + 12*a - 12936 = 0. What is the hundreds digit of a?
2
Let x be ((-6)/7)/(3/(-84)). Let f be ((-172)/6)/((-16)/x). Let h = f - 28. What is the units digit of h?
5
Let k = -18 + 25. Suppose 59 = -3*y - k. Let b = y - -38. What is the units digit of b?
6
Suppose 3207 = 14*d - 2323. What is the units digit of d?
5
Let f = 76 + -76. Let y(j) = -j**2 + 11. What is the units digit of y(f)?
1
Let d be (-2 + 1)/(3/(-12)). Suppose -d*m + 0*m + 560 = 0. Suppose 5*x = -40 + m. What is the tens digit of x?
2
What is the hundreds digit of ((-2)/(-14))/1 + 6298740/1470?
2
Let h = 42 - 34. What is the tens digit of 10/(4/h - 1/(-2))?
1
Let y(u) = -10*u - 49. Let g be y(-8). Suppose -33*x + g*x = -474. What is the hundreds digit of x?
2
What is the hundreds digit of (16/12)/(5/465)?
1
Suppose -5*c + 3*c - 28 = -4*x, -3*c + 3*x - 33 = 0. Let j(t) = 4*t**2 - 3*t - 5. What is the tens digit of j(c)?
7
Let k = -57 + 83. Let p be k - 5 - 3/1. What is the units digit of (24/p)/((-12)/(-27))?
3
Let v(d) = 1. Let p(a) = -a - 11. Let b(l) = p(l) + 6*v(l). Suppose 3*x + 3*y + 41 = 2*y, 0 = 4*x + 2*y + 58. What is the units digit of b(x)?
7
Let n(d) = 2*d**2 - 7*d - 7. Let c be n(7). Suppose 5*y - 4*s = c, 2*y + s + 4*s + 3 = 0. Let m(j) = 2*j**2 - 7*j + 1. What is the units digit of m(y)?
1
Let o(m) = 2*m**2 + 49*m + 79. What is the hundreds digit of o(-34)?
7
Suppose 5*o + 4*n = -2 + 25, -4*o + 4 = -4*n. Let i = -80 + 90. What is the units digit of (o - 4)*1 + i?
9
Let f be -8*-4*(-1)/4. What is the tens digit of (0 + 61)*(-8)/f?
6
Let v = -1174 + 3598. What is the hundreds digit of v?
4
Suppose -862 = -3*s - 211. Suppose 2*n + 1020 = 5*b - n, b - s = -2*n. What is the tens digit of b?
0
Suppose 267*l - 261*l = 8352. What is the units digit of l?
2
Let b be (-10 - 0)/(2/(-13)). Suppose -2*h + 7*h - b = 0. What is the tens digit of h?
1
Let n(v) = 7*v + 15. Let s(o) = o + 1. Let j(b) = -n(b) + 2*s(b). What is the units digit of j(-14)?
7
What is the hundreds digit of ((-3)/(-6))/((-2)/(-632))?
1
What is the units digit of (-14 - -584)/(1*2)?
5
Suppose -11*i + 135 = 4*i. Suppose v = -3*t + 354, -i = 3*v - 0. What is the units digit of t?
9
Let n(u) = -u**2 - 45*u - 94. What is the tens digit of n(-25)?
0
Let r be -87*8/(-12) + -2. Suppose 2*v - 94 = r. What is the tens digit of v?
7
Let z(u) be the third derivative of 7*u**6/720 + u**5/60 + 5*u**4/24 - 6*u**2. Let f(v) be the second derivative of z(v). What is the units digit of f(1)?
9
Let a = 115 - 123. What is the tens digit of (-84)/a*(1 + 3)?
4
Let f be (-8)/3*(-628)/(-16)*-6. Suppose -3*o + f = 2*u, 0*u + 315 = u + 2*o. What is the tens digit of u?
1
Suppose 21*y = 14*y - 19*y. Suppose -4 = -4*p + 40. Suppose -7*h + p*h - 152 = y. What is the tens digit of h?
3
Suppose -3 = -5*v + 2*v. Let t(m) = -m**2 - 5*m + 2. Let i be t(-5). What is the units digit of (v + 17)/(1*i)?
9
Let y(k) = k**3 + 3*k**2 - 6*k - 1. Let b be y(-4). Let d(n) = -8*n**3 - b*n**3 - 7*n**3. What is the tens digit of d(-1)?
2
Let z(r) = 54*r + 6. Let g be z(2). Suppose b - 176 = -3*m, -g = -2*m - 0*b - 4*b. What is the tens digit of m?
5
What is the units digit of -6 - 129/(-6)*36?
8
Suppose -f + 50 = 4*f + 5*a, 5*a = 5*f. Suppose -4*d = f*w - 50, 1 = w + d - 2*d. Suppose 2*x = x + w. What is the units digit of x?
6
Let i(p) = -168*p - 269. What is the units digit of i(-16)?
9
Let x(h) = -3*h + 28. Let b be x(9). What is the tens digit of (b - -2) + (-918)/(-6)?
5
What is the hundreds digit of 1*(2 - 3) - (-17 + -379)?
3
Suppose -9 = -2*j + 5*j, -4*f + 2236 = -4*j. What is the hundreds digit of f?
5
Let p be 32/3 + 6/18. Let u(y) = -y**2 + 10*y + 27. What is the tens digit of u(p)?
1
Suppose 1302 = 5*c - 3*v - 1510, -2810 = -5*c + 5*v. What is the tens digit of c?
6
Let y = -749 - -1625. What is the tens digit of y?
7
Let w = 1731 - -363. What is the units digit of w?
4
Let f be 15/(-20) - 285/(-12). Let l be 1/(3/6) - 1. Suppose -f = -u - l. What is the tens digit of u?
2
Suppose 7*m = 4*m + 21. Suppose -m*u = -3*u - 112. What is the units digit of u?
8
What is the units digit of ((-8)/(-6))/((-565)/189 - -3)?
6
Let f = 5 + -1. Suppose 15 = -f*n + n + 3*c, -17 = n - 4*c. What is the units digit of 1*n*(-3 - 20)?
3
Let f(z) = -z**3 + 5*z**2 + 6*z + 1. Let n be f(6). Suppose w + n + 4 = 0. What is the tens digit of -4*13*w/10?
2
Let l be (-4)/(-6)*18/4. Suppose 127 + 41 = l*p. What is the tens digit of p?
5
What is the tens digit of ((-5140)/(-8))/(-2 - (-30)/12)?
8
Suppose 0 = -14*s + 16*s. Suppose s = 2*r + 4, -5*n + 37 = -0*n - r. Suppose -w + 5*t - n = -2*w, 2*w - 38 = 2*t. What is the units digit of w?
7
Let l = 34 